ose -36 = 2*h + b, -h + 42*b - 45*b - 18 = 0. What is a(h)?
13
Let u(m) = 18*m**2 - 44*m**2 + 3*m**2 + 36*m + 25*m**2. Give u(-11).
-154
Let o be (-627)/132 + (2/(-8) - -2). Let x(g) = -g**3 - 5*g**2 - 3*g + 1. Calculate x(o).
-8
Let g(t) = 3*t + 9. Suppose 2*f + 2*i + 14 = 0, 4*f - 9*i = -12*i - 30. Determine g(f).
-18
Let i(j) = -j**2 + 39*j + 318. Let g be i(-7). Let k(f) = f**3 + 4*f**2 - f - 3. What is k(g)?
1
Let d = 13 - 25. Let w = d + 9. Let j(n) = 7*n**3 + n**2 + 2*n - 1. Let i(v) = 6*v**3 + v**2 + v - 1. Let o(b) = 6*i(b) - 5*j(b). What is o(w)?
-7
Let s(q) = -2*q**3 + 3*q**2 - q. Let f = 14 - -25. Let o be (-4)/20 + 16*46/(-20). Let u = f + o. Give s(u).
-6
Let w(s) = 2*s**3 + 4*s**2 + 2*s - 1. Let o be w(-2). Let q(p) = 3*p - 31. Let h = -294 + 298. Let c(r) = -7*r + 69. Let d(u) = h*c(u) + 9*q(u). Determine d(o).
2
Let w(c) = c**2 - 7*c + 4. Let m be w(5). Let d(r) = r**3 + 5*r**2 + 212 - 4594*r + 9191*r - 4603*r - 204. Calculate d(m).
8
Let p(a) = -28*a - 61. Let j(x) = 16*x + 30. Let v(c) = 5*j(c) + 3*p(c). Calculate v(-7).
-5
Let s(m) = 3*m + 4. Let q(n) = -n - 1. Let y(z) = -11*q(z) - 4*s(z). Let l(u) = -u + 13. Let r be l(4). Suppose r*g + 3*g + 60 = 0. Give y(g).
0
Suppose -3*g + 129 - 136 = -4*n, n + 5 = 3*g. Let m(x) = -2*x**2 - 9*x + 31. What is m(g)?
-14
Let s = 1266 + -474. Let u be (-1)/(-4) + (6 - s/(-32)). Suppose -3*f + 5*c + u = -2*f, c - 7 = -2*f. Let b(h) = h**3 - 6*h**2 + 2*h + 3. Give b(f).
15
Suppose 3*c - 5 = 7. Let k(a) = 9*a - 14. Let m be k(c). Suppose -7*b - 6 - m = 0. Let w(j) = -j**2 - 4*j. What is w(b)?
0
Suppose 322 = -x + 325. Let b(h) = -6*h + 19. Let d(q) = 5*q - 18. Let t(f) = x*b(f) + 4*d(f). Determine t(5).
-5
Let c be (11 - (4 - -3))/((-2)/(-22)). Let d = -45 + c. Let y(n) = 5*n. What is y(d)?
-5
Let x(k) = 78*k + 33. Let o be x(3). Let h = o + -272. Let p(r) be the third derivative of -r**6/120 - r**5/10 - r**4/4 - r**3/3 + r**2. What is p(h)?
3
Let p(z) = z**3 + 6*z**2 - 7*z + 7. Suppose -3*s - 4*j = 50, 3*j = 5*s + 8 + 27. Let k be s + 99/27 + (-4)/6. What is p(k)?
7
Let i = 8245 - 8248. Let v(x) = -x**3 - 2*x**2 + 3*x - 10. Determine v(i).
-10
Let m(k) = 8*k - 48. Let g = 2982 - 2976. Calculate m(g).
0
Suppose 37 + 15 = 4*m. Suppose -5*q + m = x, 0 = 3*q - 0*x - x - 3. Let l(a) = 385 + 2*a**2 - 385. Give l(q).
8
Let l(s) = 3*s**2 - 26*s + 22. Let r be l(8). Let n(m) = 16*m - 18. Let j(h) = 3*h - 1. Let z(q) = 5*j(q) - n(q). Determine z(r).
7
Let k(w) = 10*w - 3. Suppose -299*d = -310*d + 198. Suppose -5*a = 4*p - 21, 3*p = -d + 30. What is k(a)?
7
Let a(c) = -2*c**2 + 6*c - 10. Let j be ((-16)/(-32)*-24)/(-3). Calculate a(j).
-18
Let x(z) = -z. Let r(a) = -8*a + 5. Let w(o) = -2*r(o) + 18*x(o). Let q be (3/2)/((-33)/44) + -177. Let s = -186 - q. Determine w(s).
4
Let s(n) be the first derivative of 4*n**2 - 34*n + 397. Determine s(5).
6
Let g(b) = -44*b - 85. Let y be g(-2). Let d(o) = -3*o - 1. Let w(k) = -3*k - 2. Let h(l) = 4*d(l) - 3*w(l). What is h(y)?
-7
Let l(a) be the first derivative of -5*a + 320*a**2 - 316*a**2 + 4*a - 20. What is l(-1)?
-9
Let n = -73 + 71. Let l(d) be the third derivative of d**6/120 + d**5/30 + d**4/12 + 17*d**2. Calculate l(n).
-4
Suppose 3*a = 2*v - 4*v, 5*a = -2*v. Suppose 0 = -5*b + 20, v = -5*c - 3*b + 19 + 18. Let u be c/(-20) + 22/(-8) + 0. Let s(q) = -q**2 - 2*q - 3. What is s(u)?
-6
Let d(w) = 2*w. Suppose -5 = 4*f + 91. Let l = 73 - 54. Let t = l + f. What is d(t)?
-10
Let z(v) = -3*v**2 + 8. Suppose -3*k - 37 = -43. Let a be z(k). Let w(f) = f**2 + 5*f + 1. Determine w(a).
-3
Let b(f) = 73 - f**2 + 25*f**3 - 27*f**3 - 69 + 2*f**2. Let z(g) = g**3 + 6*g - 6*g + 1. Let o(u) = -b(u) + 2*z(u). Determine o(2).
26
Let q(r) = 115 - 58 - 13*r**2 - r**3 - 46 + 3*r + 5*r. What is q(-13)?
-93
Let a(y) = -4*y. Let t(r) = r - 15. Let i be t(11). Let z(u) = -8*u. Let n(o) = i*z(o) + 7*a(o). Give n(1).
4
Let y(f) = -3*f + 5*f - f**2 + 13 + 3*f + 0*f. Suppose 2*q + 2*o + 76 - 90 = 0, 0 = 3*q + 2*o - 21. Determine y(q).
-1
Let r(h) be the first derivative of -h**5/60 - h**4/8 - h**3/6 + h**2 - 2*h - 67. Let p(c) be the second derivative of r(c). Calculate p(-3).
-1
Let m(c) be the third derivative of c**4/24 + 16*c**3/3 - 2363*c**2. Calculate m(-25).
7
Let i = 40843 + -40857. Let w(m) = m**2 + 15*m + 26. Calculate w(i).
12
Let j(n) = 3*n**2 + 40*n - 35. Let o(d) = -d**2 - 13*d + 12. Let k(y) = -2*j(y) - 7*o(y). Let g be k(-6). Let a = g + 45. Let r(z) = -5*z. What is r(a)?
-5
Let n be (240/(-9))/(-1 - 12/(-9)). Suppose 3*x + 365 = 3*k - 8*k, 0 = 2*k - 3*x + 167. Let i = n - k. Let f(s) = -2*s - 6. Determine f(i).
2
Let k(d) be the second derivative of -d**5/20 + 2*d**4/3 + 3*d**3/2 + d**2/2 - 2*d. Suppose -5*n = 3*q - 32, -6*n + 4*n - 34 = -4*q. Calculate k(q).
1
Let f(w) = -w**2 + 11*w - 38. Suppose -320 = 441*q - 473*q. What is f(q)?
-28
Let t(m) = -15*m**2 - 2*m**3 - 1035 + 1022 - 17*m + m**3. Determine t(-14).
29
Let b(p) = 0 + 4 + 2950*p - 2 - 2963*p - 5. Calculate b(-1).
10
Let w(h) be the first derivative of h**3/3 - 3*h**2/2 + 8*h + 1592. Determine w(10).
78
Let i(p) = 7*p + 1. Let a = -18 + 27. Suppose a*y - 7*y + 2 = 0. Give i(y).
-6
Let h be (1 - (9 - 3)) + 9. Let o be h/(-26) + 20/130. Suppose o*f + 5*f = -b - 51, 3*f + 27 = 3*b. Let i(u) = -u**3 - 10*u**2 + 2*u + 14. What is i(f)?
-6
Suppose 3*u - 521 = -2*b - 517, 0 = 2*b + u - 4. Let n(f) be the second derivative of 1/3*f**3 + 0 + 0*f**b + 26*f. Determine n(4).
8
Let v be 44/1 - (12 + -13). Let c = v + -32. Let j = 18 - c. Let f(p) = p**2 - 3*p - 2. What is f(j)?
8
Let z(h) be the third derivative of -h**4/12 + 7*h**3/3 - 4491*h**2. Determine z(-6).
26
Let u(s) = -30 + 140216*s + 36 - 140210*s. Determine u(5).
36
Let s(b) = b + 11. Let v be (13 + -1)*180/240. Let r be (-6)/(-81)*v*(-54)/4. Give s(r).
2
Let j(k) = -5 + k + 5. Let r(m) = 13*m + 152. Let f be r(-10). Suppose 5*c = f - 2. Give j(c).
4
Let j(g) = 3*g + 3. Let d be 4/((-4)/1 - -3) + -92. Let s = -99 - d. Determine j(s).
-6
Let t(j) be the second derivative of 1/12*j**4 + 1/2*j**2 + 1/2*j**3 - 17*j + 0. Give t(-4).
5
Let p(f) = 51*f + 38*f + 12 - 122*f + 39*f + 21. Determine p(-7).
-9
Let m(s) = s**2 + 7*s - 17. Let t be (-1)/8 + (-19)/((-1064)/1911). Let a = 25 - t. Give m(a).
1
Let k be (9/12)/((-30)/(-160))*-1. Let p(a) = -a**3 - 6*a**2 - 2*a + 5. What is p(k)?
-19
Let b(n) = -49*n**3 + 8*n**2 - 14*n - 11. Let t(x) = -33*x**3 + 5*x**2 - 9*x - 7. Let s(g) = -5*b(g) + 8*t(g). Give s(-1).
20
Let x(g) = g**2 + 11*g + 31. Let j be 2/(-5) + 12/80 + (-722)/152. What is x(j)?
1
Suppose -7*f + 3 = -11. Let x(z) = -3*z + z**3 + 2*z - z**f - 1 + 0*z. Let c(h) = 5*h**3 - 8*h + 3. Let t(d) = -c(d) + 6*x(d). Give t(6).
3
Let v(a) = -18*a + 66. Let j(f) = 3*f**2 + f - 6. Let s be j(-2). Calculate v(s).
-6
Suppose -3*z - 5*j = 478, 4*z + z + 5*j = -780. Let k = -152 - z. Let t(w) = -w + 1. Give t(k).
2
Suppose -4*w + 2*h = -2, 2*h - 150 + 116 = -5*w. Let y(q) be the first derivative of -q**4/4 + 5*q**3/3 - 3*q**2/2 + q - 3. Give y(w).
5
Let s(z) be the second derivative of -z**4/12 + z**3 + 11*z**2/2 + 12476*z. Let r be 0 + (1 - (-7 + 0)). Calculate s(r).
-5
Let h(j) = -j**2 + j + 33. Let y be h(6). Suppose t - 5 = -2*m + y, 5*t - m - 29 = 0. Suppose 4*s + 10 = t*s. Let o(z) = -z**2 + 5*z - 4. What is o(s)?
-4
Let r(v) be the third derivative of 5*v**4/24 + 7*v**3/3 - v**2. Suppose -25 = -5*k + 3*c, 2*c - 6580 + 6594 = 4*k. Give r(k).
-6
Let b(k) = 2*k**3 + 58*k**2 - k - 18. Let n(y) = y**2 - 70*y + 835. Let v be n(16). What is b(v)?
11
Let a(q) be the second derivative of -q**4/12 + 3*q**2/2 + 744*q - 2. What is a(-7)?
-46
Let q(i) = 5*i + 1221 - 1202 - 4*i - 5*i. Calculate q(3).
7
Suppose 0 = 28*u - 35*u - 35. Let h(m) = -m**3 - 5*m**2 + 4*m + 9. Let t(z) = -5*z**3 - 25*z**2 + 17*z + 35. Let n(x) = 9*h(x) - 2*t(x). Determine n(u).
1
Let p(n) = n**2 - 3*n - 9. Suppose 5*q + c - 6 = -0*q, 2 = 2*c. Let h be (45/(-18))/(q/(-2)). Determine p(h).
1
Let r(l) = -l - 17. Let s = -34 - -43. Suppose 2*w + 14 = s*w. Suppose -3*c - 12 = -w*c - 3*x, c - 4 = -x. Give r(c).
-17
Let l = 0 + 0. Let s(z) be the first derivative of z**4/4 - z**2/2 + 8*z - 1593. Determine s(l).
8
Let o(t) = -t**2 + 6*t + 6. Let h(s) = 9*s - 38. Let f be h(-7). Let x = -96 - f. Give o